, 41, 61, 2963
What are the prime factors of 8926790?
2, 5, 53, 16843
List the prime factors of 33947457.
3, 401, 28219
What are the prime factors of 28991770?
2, 5, 593, 4889
What are the prime factors of 46630620?
2, 3, 5, 86353
What are the prime factors of 117348879?
3, 39116293
List the prime factors of 6905109975.
3, 5, 92068133
List the prime factors of 3628387081.
11, 83, 191, 20807
What are the prime factors of 99428241?
3, 11, 23, 11909
What are the prime factors of 38567246?
2, 37, 521179
List the prime factors of 2568351.
3, 856117
What are the prime factors of 318682306?
2, 17, 857, 10937
What are the prime factors of 7603734866?
2, 7, 13, 29, 110819
List the prime factors of 257364107.
7, 11, 13, 257107
What are the prime factors of 46827451?
11, 4257041
List the prime factors of 47277679.
67, 467, 1511
What are the prime factors of 1658342803?
13, 23, 433, 12809
List the prime factors of 343987214.
2, 17, 101, 109, 919
List the prime factors of 692527854.
2, 3, 9839, 11731
What are the prime factors of 86594604?
2, 3, 43, 283, 593
What are the prime factors of 392662606?
2, 7, 28047329
What are the prime factors of 68060462?
2, 877, 38803
What are the prime factors of 2346004309?
11, 19, 11224901
List the prime factors of 4003794068.
2, 1000948517
What are the prime factors of 1880801904?
2, 3, 2089, 18757
What are the prime factors of 38738793?
3, 97, 239, 557
What are the prime factors of 28556475?
3, 5, 380753
List the prime factors of 240958672.
2, 23, 654779
List the prime factors of 866829572.
2, 7, 977, 31687
What are the prime factors of 20555011?
859, 23929
List the prime factors of 82518291.
3, 3056233
What are the prime factors of 56668561?
56668561
What are the prime factors of 375640876?
2, 13, 23, 89, 3529
What are the prime factors of 960572831?
4789, 200579
List the prime factors of 21854926.
2, 10927463
List the prime factors of 10739865.
3, 5, 715991
List the prime factors of 3656683939.
83, 997, 44189
What are the prime factors of 10904012?
2, 7, 151, 2579
List the prime factors of 3746671660.
2, 5, 6271, 29873
What are the prime factors of 30512739?
3, 17, 197, 3037
List the prime factors of 403965814.
2, 7, 83, 509, 683
What are the prime factors of 64315198?
2, 137, 234727
List the prime factors of 2018143377.
3, 311, 240341
List the prime factors of 124165030.
2, 5, 11, 1128773
List the prime factors of 3061265586.
2, 3, 5113, 99787
List the prime factors of 1409762082.
2, 3, 251, 936097
What are the prime factors of 34760869?
11, 13, 17, 79, 181
What are the prime factors of 4565278496?
2, 41, 89, 39097
List the prime factors of 668328600.
2, 3, 5, 379, 2939
What are the prime factors of 522536878?
2, 1303, 200513
What are the prime factors of 177109546?
2, 5923, 14951
List the prime factors of 36675207.
3, 839, 1619
List the prime factors of 1161724849.
10499, 110651
List the prime factors of 28201038.
2, 3, 373, 12601
List the prime factors of 50326469.
43, 59, 83, 239
What are the prime factors of 1813386130?
2, 5, 41, 109, 40577
What are the prime factors of 3004004708?
2, 11321, 66337
What are the prime factors of 179570160?
2, 3, 5, 7, 11, 41, 79
What are the prime factors of 264957364?
2, 7, 937, 10099
List the prime factors of 1201496638.
2, 600748319
What are the prime factors of 1545031792?
2, 37, 67, 38953
List the prime factors of 4824691894.
2, 11, 29, 83, 179, 509
List the prime factors of 3598345939.
31583, 113933
List the prime factors of 667492228.
2, 13, 12836389
What are the prime factors of 17764270?
2, 5, 919, 1933
What are the prime factors of 2691011907?
3, 3533, 84631
List the prime factors of 5760668470.
2, 5, 2273, 253439
List the prime factors of 8129784125.
5, 19, 23, 148829
List the prime factors of 1145851.
7, 17, 9629
List the prime factors of 84427960.
2, 5, 2110699
What are the prime factors of 101151080?
2, 5, 2528777
What are the prime factors of 94522441?
13, 31, 234547
What are the prime factors of 102431215?
5, 127, 161309
What are the prime factors of 196999157?
196999157
What are the prime factors of 35314754?
2, 191, 193, 479
List the prime factors of 1574533355.
5, 107, 503, 5851
What are the prime factors of 1055965273?
11, 277, 346559
What are the prime factors of 536347541?
229, 2342129
List the prime factors of 61481088.
2, 3, 83, 643
List the prime factors of 3051227086.
2, 139, 10975637
What are the prime factors of 1199142379?
17, 70537787
What are the prime factors of 93744373?
61, 1536793
What are the prime factors of 174738478?
2, 17, 19, 270493
What are the prime factors of 39075001?
7, 19, 47
List the prime factors of 820517571.
3, 23, 3963853
List the prime factors of 862037698.
2, 431018849
List the prime factors of 128615493.
3, 29, 859, 1721
List the prime factors of 1454024955.
3, 5, 67, 1446791
What are the prime factors of 2653493467?
17, 9433, 16547
List the prime factors of 69112151.
6079, 11369
What are the prime factors of 935587142?
2, 7, 191, 439, 797
What are the prime factors of 1168934040?
2, 3, 5, 3247039
What are the prime factors of 18012151?
23, 783137
What are the prime factors of 242026831?
107, 2261933
List the prime factors of 46228454.
2, 97, 238291
List the prime factors of 184611230.
2, 5, 18461123
What are the prime factors of 387775669?
387775669
List the prime factors of 845441478.
2, 3, 7, 53, 126601
List the prime factors of 673561076.
2, 29, 5806561
List the prime factors of 4139722789.
43, 96272623
List the prime factors of 125745584.
2, 7859099
List the prime factors of 62934522.
2, 3, 7, 214063
What are the prime factors of 16766340?
2, 3, 5, 103, 2713
List the prime factors of 163270374.
2, 3, 27211729
List the prime factors of 425470396.
2, 13, 8182123
List the prime factors of 3129303516.
2, 3, 41, 83, 76631
What are the prime factors of 288652668?
2, 3, 23, 229, 4567
What are the prime factors of 413950029?
3, 137983343
List the prime factors of 55386111.
3, 11, 1678367
What are the prime factors of 26029303?
26029303
What are the prime factors of 587757436?
2, 7, 277, 75781
List the prime factors of 1080301454.
2, 31, 101, 172517
List the prime factors of 186579996.
2, 3, 877, 17729
What are the prime factors of 129449023?
11, 11768093
List the prime factors of 973438194.
2, 3, 162239699
What are the prime factors of 97800229?
59, 1657631
List the prime factors of 68140460.
2, 5, 19, 179317
What are the prime factors of 2036029057?
73, 227, 122867
List the prime factors of 52113802.
2, 13, 2004377
What are the prime factors of 123775849?
739, 167491
List the prime factors of 19930821.
3, 6643607
List the prime factors of 2363434784.
2, 79, 383, 2441
What are the prime factors of 364328832?
2, 3, 7, 23, 71, 83
What are the prime factors of 662872474?
2, 11, 373, 80779
What are the prime factors of 59555048?
2, 7, 1063483
What are the prime factors of 13364152?
2, 1670519
What are the prime factors of 389318038?
2, 347, 560977
What are the prime factors of 191221826?
2, 31, 3084223
What are the prime factors of 672332626?
2, 7, 17, 347, 1163
What are the prime factors of 620619451?
620619451
What are the prime factors of 87041191?
87041191
What are the prime factors of 967074092?
2, 97, 2492459
What are the prime factors of 339468038?
2, 7, 13, 163, 11443
What are the prime factors of 47296653?
3, 15765551
List the prime factors of 81150415.
5, 317, 51199
What are the prime factors of 3150961392?
2, 3, 65645029
What are the prime factors of 440229347?
73, 6030539
What are the prime factors of 489005431?
37, 357199
List the prime factors of 720120914.
2, 43, 107, 139, 563
List the prime factors of 215975981.
13, 16613537
What are the prime factors of 7658305174?
2, 13, 294550199
What are the prime factors of 36738138?
2, 3, 6123023
List the prime factors of 4092788117.
11, 43, 1193, 7253
List the prime factors of 3188963726.
2, 13, 3907, 31393
List the prime factors of 1906094.
2, 251, 3797
What are the prime factors of 114387437?
114387437
List the prime factors of 27293107.
27293107
List the prime factors of 2000925247.
2000925247
What are the prime factors of 768652179?
3, 337, 760289
What are the prime factors of 421509976?
2, 31, 109, 503
What are the prime factors of 155519457?
3, 59, 878641
What are the